056?
1056
What is the greatest common divisor of 134 and 2186019854?
134
Calculate the highest common factor of 31825238 and 1334.
1334
Calculate the highest common factor of 51612548 and 104.
52
Calculate the highest common divisor of 24 and 21395178.
6
What is the highest common factor of 60071 and 63426?
11
Calculate the greatest common factor of 5688 and 337356.
36
Calculate the greatest common divisor of 5130771 and 11224.
1403
Calculate the highest common divisor of 2235262 and 144449.
493
Calculate the highest common divisor of 26 and 1420284.
2
What is the highest common divisor of 787740 and 336?
12
Calculate the highest common factor of 7052769 and 3708.
9
What is the highest common factor of 10 and 130382570?
10
Calculate the highest common divisor of 42919 and 35738.
167
What is the highest common factor of 3042 and 8507313?
9
What is the greatest common factor of 66739365 and 3366?
1683
Calculate the highest common factor of 8041 and 869374.
473
Calculate the greatest common divisor of 11217980 and 11077.
1007
What is the highest common divisor of 314083652 and 1868?
1868
Calculate the greatest common factor of 603 and 7716457.
67
What is the highest common divisor of 2510980 and 434850?
2230
Calculate the highest common factor of 88677 and 3575754.
531
What is the greatest common divisor of 672 and 431904?
96
Calculate the greatest common divisor of 34841860 and 1180.
1180
Calculate the greatest common factor of 50443 and 12105629.
691
What is the highest common divisor of 368517737 and 1498?
749
What is the greatest common factor of 13808410 and 77?
77
Calculate the highest common divisor of 46487 and 436450.
203
What is the greatest common divisor of 12127 and 2631740?
181
Calculate the greatest common factor of 462094794 and 63.
63
What is the highest common factor of 3898819 and 323?
19
Calculate the highest common factor of 715266 and 412933.
79
What is the highest common factor of 12110 and 20874?
14
Calculate the greatest common divisor of 372748992 and 924.
924
Calculate the highest common divisor of 2108217 and 10602.
93
Calculate the highest common factor of 2706 and 10283292.
246
Calculate the greatest common factor of 31 and 21303944.
31
What is the greatest common factor of 7854300 and 1800?
900
What is the highest common factor of 341610291 and 748?
187
What is the greatest common factor of 416 and 7435636?
52
What is the greatest common factor of 16857980 and 8?
4
Calculate the highest common factor of 59569763 and 40502.
2893
What is the greatest common factor of 71535152 and 2361?
787
Calculate the greatest common divisor of 365253903 and 252.
63
What is the greatest common factor of 138 and 31671966?
138
What is the highest common factor of 8580 and 14171508?
156
Calculate the highest common divisor of 572290 and 477540.
3790
Calculate the greatest common divisor of 6500004 and 48.
12
What is the greatest common divisor of 319164732 and 131?
131
Calculate the greatest common divisor of 4268 and 586124.
44
Calculate the highest common divisor of 142312824 and 31356.
2412
Calculate the greatest common factor of 13816 and 1863433.
1727
What is the highest common divisor of 9052 and 234112?
124
Calculate the highest common divisor of 36636 and 1215804.
852
What is the greatest common divisor of 505609 and 137149?
2047
What is the highest common divisor of 365497 and 9812?
2453
What is the highest common divisor of 263493 and 549757?
3253
What is the greatest common factor of 285490852 and 59?
59
Calculate the highest common factor of 3683 and 3891481.
29
Calculate the greatest common divisor of 16 and 131136064.
16
Calculate the highest common factor of 134626 and 5810.
166
What is the greatest common factor of 1423616 and 3679104?
8576
What is the highest common divisor of 99899978 and 762?
254
What is the greatest common divisor of 110798512 and 286?
22
What is the greatest common factor of 181130701 and 3837?
1279
Calculate the highest common divisor of 1247940 and 36180.
540
What is the highest common divisor of 465 and 18818271?
93
What is the greatest common divisor of 460647310 and 290?
290
Calculate the greatest common divisor of 4823597480 and 65.
65
Calculate the highest common divisor of 40545 and 1314135.
2385
Calculate the greatest common divisor of 23921667 and 77.
77
Calculate the greatest common factor of 90268360 and 41860.
1820
Calculate the greatest common factor of 40374 and 71829832.
4486
Calculate the highest common divisor of 3758960 and 22760.
40
What is the greatest common factor of 3561789 and 29337?
231
What is the greatest common factor of 261856678 and 39462?
13154
Calculate the greatest common factor of 165 and 1358082.
33
What is the highest common factor of 9831 and 14696667?
339
Calculate the highest common divisor of 13073777 and 1005.
67
Calculate the greatest common factor of 137 and 2386575072.
137
What is the highest common factor of 782 and 1565426?
46
Calculate the highest common factor of 31080 and 106893.
111
What is the highest common factor of 299529216 and 168?
168
What is the greatest common factor of 525 and 10800475?
175
What is the highest common factor of 15508 and 538352466?
7754
What is the greatest common factor of 159329236 and 4664?
2332
What is the greatest common factor of 5612 and 26766434?
2806
Calculate the greatest common divisor of 1122 and 43720362.
102
What is the greatest common divisor of 233148598 and 2?
2
What is the highest common divisor of 1057 and 44154061?
1057
Calculate the greatest common divisor of 3124 and 4333076.
44
Calculate the greatest common divisor of 74 and 11404214.
74
Calculate the highest common divisor of 1082871 and 21.
3
Calculate the greatest common factor of 24105 and 75.
15
What is the greatest common factor of 1723965 and 766935?
6555
What is the highest common divisor of 5778 and 4553599?
107
What is the greatest common divisor of 25568258 and 148?
74
Calculate the highest common factor of 17205150 and 44850.
3450
Calculate the highest common divisor of 3195 and 36579555.
3195
What is the highest common divisor of 465 and 25143945?
465
Calculate the highest common divisor of 42 and 14720566.
14
Calculate the greatest common factor of 897 and 1238757.
897
Calculate the highest common divisor of 1179497 and 1518.
11
What is the highest common factor of 24543 and 6635094?
303
What is the highest common factor of 610909131 and 168?
21
What is the highest common factor of 779 and 1891412?
779
Calculate the highest common factor of 10600184 and 70.
14
Calculate the greatest common divisor of 1560 and 21070840.
40
What is the greatest common factor of 190 and 2245154?
38
Calculate the greatest common divisor of 20795 and 47045.
5
What is the highest common divisor of 1326 and 27687543?
663
Calculate the highest common divisor of 1575 and 9824850.
1575
Calculate the highest common factor of 3350312 and 32.
8
Calculate the highest common factor of 1587 and 132001899.
1587
Calculate the highest common divisor of 9890460 and 1610.
230
Calculate the highest common factor of 210097167 and 21.
21
Calculate the greatest common factor of 4545463 and 3.
1
What is the greatest common factor of 156 and 95150406?
78
Calculate the highest common factor of 1248010 and 590.
10
What is the greatest common divisor of 114 and 188810448?
114
Calculate the greatest common factor of 646 and 8349702.
38
Calculate the greatest common divisor of 10634750 and 3540.
590
What is the greatest common factor of 65824 and 32549?
121
Calculate the greatest common divisor of 238636869 and 664.
83
What is the highest common factor of 784 and 12760256?
16
Calculate the greatest common factor of 433789 and 708050.
289
What is the greatest common divisor of 1739472 and 46092?
2004
Calculate the highest common divisor of 4281 and 1494664059.
4281
Calculate the highest common factor of 827584 and 6722512.
1072
What is the greatest common factor of 498230 and 230?
10
What is the highest common divisor of 317116662 and 3?
3
What is the highest common factor of 10458 and 164472?
42
Calculate the highest common factor of 10752 and 404782.
14
What is the highest common divisor of 1292 and 253776?
68
Calculate the highest common divisor of 188847790 and 1475.
295
Calcu